{"id":12,"date":"2023-08-19T19:46:39","date_gmt":"2023-08-19T17:46:39","guid":{"rendered":"https:\/\/michaelraimon.com\/?page_id=12"},"modified":"2023-08-20T08:17:03","modified_gmt":"2023-08-20T06:17:03","slug":"metamorphoses-de-sapiens-au-smarthuman","status":"publish","type":"page","link":"https:\/\/michaelraimon.com\/?page_id=12","title":{"rendered":"M\u00e9tamorphoses, De Sapiens au Smarthuman"},"content":{"rendered":"\n<p>L\u2019humanit\u00e9 est en \u00e9volution permanente. Depuis les grottes du pal\u00e9olithique, nous avons connu de multiples m\u00e9tamorphoses. Pourtant, l\u2019histoire pass\u00e9e aide \u00e0 comprendre notre pr\u00e9sent et permet d\u2019imaginer ce que pourrait \u00eatre notre avenir.<\/p>\n\n\n\n<p><em>Homo sapiens<\/em> a-t-il toujours eu le monopole des croyances religieuses&nbsp;? A-t-il m\u00eame domestiqu\u00e9 le feu&nbsp;? Quels vestiges de l\u2019homme pr\u00e9historique sont toujours pr\u00e9sents en nous&nbsp;? Quel est l\u2019impact du passage en quelques mill\u00e9naires de tribus modestes \u00e0 une mondialisation exacerb\u00e9e&nbsp;? Apr\u00e8s s\u2019\u00eatre lib\u00e9r\u00e9 de la religion, l\u2019homme est-il en train de se lib\u00e9rer de la nature&nbsp;?<\/p>\n\n\n\n<p>Les nouvelles technologies \u00e9l\u00e8vent-elles l\u2019homme ou le font-elles r\u00e9gresser&nbsp;? L\u2019intelligence artificielle finira-t-elle par \u00e9touffer le libre arbitre&nbsp;? Apr\u00e8s des mill\u00e9naires de d\u00e9passement de soi, l\u2019homme court-il le risque d\u2019un repli marqu\u00e9 par l\u2019individualisme ? Jusqu\u2019o\u00f9 ira la fusion entre l\u2019homme et la machine&nbsp;? L\u2019homme a-t-il vocation \u00e0 rester une esp\u00e8ce \u00e0 part&nbsp;?<\/p>\n\n\n\n<p>Les g\u00e9ants du num\u00e9rique finiront-ils par supplanter les d\u00e9mocraties \u00e9tatiques&nbsp;? Notre si\u00e8cle deviendra-t-il une \u00e9poque mythique pour nos descendants, celle d\u2019avant le grand basculement climatique&nbsp;? Sommes-nous \u00e0 l\u2019aube d\u2019une nouvelle r\u00e9volution civilisationnelle, comparable \u00e0 la r\u00e9volution n\u00e9olithique&nbsp;?<\/p>\n\n\n\n<p>Autant de questions \u2013 et bien d\u2019autres \u2013 auxquelles M\u00e9tamorphoses apporte des pistes de r\u00e9ponses, pour que chacun puisse s\u2019interroger et se forger une opinion.<\/p>\n\n\n\n<p>Pour commander le livre : <a href=\"https:\/\/www.fnac.com\/a16304023\/Michael-Raimon-Metamorphoses-Changement-d-un-etre-en-un-autre-transformation-totale-d-un-etre-au-point-qu-il-n-est-plus-reconnaissable\" data-type=\"link\" data-id=\"https:\/\/www.fnac.com\/a16304023\/Michael-Raimon-Metamorphoses-Changement-d-un-etre-en-un-autre-transformation-totale-d-un-etre-au-point-qu-il-n-est-plus-reconnaissable\">FNAC<\/a> ou <a href=\"https:\/\/www.amazon.fr\/M%C3%A9tamorphoses-Changement-transformation-totale-reconnaissable\/dp\/2850908258\/ref=sr_1_1?qid=1692467427&amp;refinements=p_27%3AMichael+Raimon&amp;s=books&amp;sr=1-1\">AMAZON<\/a> ou <a href=\"https:\/\/editions-bussiere.com\/toutes-les-categories\/871-metamorphoses-de-sapiens-au-smarthuman-9782850908255.html\" data-type=\"link\" data-id=\"https:\/\/editions-bussiere.com\/toutes-les-categories\/871-metamorphoses-de-sapiens-au-smarthuman-9782850908255.html\">Editeur BUSSIERE<\/a> ou sur commande chez votre libraire !<\/p>\n\n\n\n<figure class=\"wp-block-image size-full\"><img loading=\"lazy\" decoding=\"async\" width=\"828\" height=\"823\" src=\"https:\/\/michaelraimon.com\/wp-content\/uploads\/2023\/08\/annonce-livre.jpg\" alt=\"\" class=\"wp-image-25\" srcset=\"https:\/\/michaelraimon.com\/wp-content\/uploads\/2023\/08\/annonce-livre.jpg 828w, https:\/\/michaelraimon.com\/wp-content\/uploads\/2023\/08\/annonce-livre-300x298.jpg 300w, https:\/\/michaelraimon.com\/wp-content\/uploads\/2023\/08\/annonce-livre-150x150.jpg 150w, https:\/\/michaelraimon.com\/wp-content\/uploads\/2023\/08\/annonce-livre-768x763.jpg 768w, https:\/\/michaelraimon.com\/wp-content\/uploads\/2023\/08\/annonce-livre-302x300.jpg 302w\" sizes=\"auto, (max-width: 828px) 100vw, 828px\" \/><\/figure>\n","protected":false},"excerpt":{"rendered":"<p>L\u2019humanit\u00e9 est en \u00e9volution permanente. Depuis les grottes du pal\u00e9olithique, nous avons connu de multiples m\u00e9tamorphoses. Pourtant, l\u2019histoire pass\u00e9e aide \u00e0 comprendre notre pr\u00e9sent et permet d\u2019imaginer ce que pourrait \u00eatre notre avenir. Homo sapiens a-t-il toujours eu le monopole &hellip; <a href=\"https:\/\/michaelraimon.com\/?page_id=12\">Continuer la lecture <span class=\"meta-nav\">&rarr;<\/span><\/a><\/p>\n","protected":false},"author":1,"featured_media":0,"parent":0,"menu_order":0,"comment_status":"closed","ping_status":"closed","template":"","meta":{"footnotes":""},"class_list":["post-12","page","type-page","status-publish","hentry"],"_links":{"self":[{"href":"https:\/\/michaelraimon.com\/index.php?rest_route=\/wp\/v2\/pages\/12","targetHints":{"allow":["GET"]}}],"collection":[{"href":"https:\/\/michaelraimon.com\/index.php?rest_route=\/wp\/v2\/pages"}],"about":[{"href":"https:\/\/michaelraimon.com\/index.php?rest_route=\/wp\/v2\/types\/page"}],"author":[{"embeddable":true,"href":"https:\/\/michaelraimon.com\/index.php?rest_route=\/wp\/v2\/users\/1"}],"replies":[{"embeddable":true,"href":"https:\/\/michaelraimon.com\/index.php?rest_route=%2Fwp%2Fv2%2Fcomments&post=12"}],"version-history":[{"count":4,"href":"https:\/\/michaelraimon.com\/index.php?rest_route=\/wp\/v2\/pages\/12\/revisions"}],"predecessor-version":[{"id":27,"href":"https:\/\/michaelraimon.com\/index.php?rest_route=\/wp\/v2\/pages\/12\/revisions\/27"}],"wp:attachment":[{"href":"https:\/\/michaelraimon.com\/index.php?rest_route=%2Fwp%2Fv2%2Fmedia&parent=12"}],"curies":[{"name":"wp","href":"https:\/\/api.w.org\/{rel}","templated":true}]}}